 1 - 11 = 0. Suppose o - 120 = -2*o. Suppose 0 = -i*r - r + o. What is the greatest common divisor of r and 30?
10
Let y(v) = 2*v**3 - v**2 + 3*v - 1. Let i be y(2). Let z = i - 8. Let j be 3 + -5 + -1 + 9. What is the highest common factor of j and z?
3
Let z = 21 + -19. Let o be (-27)/(4/((-8)/3)). Suppose 3*l - 12 - o = 0. What is the greatest common factor of l and z?
2
Let j = 155 + -106. Calculate the highest common divisor of 49 and j.
49
Suppose 7*q - 2*q + 4*y - 700 = 0, 3*q = -y + 427. Calculate the highest common factor of q and 16.
16
Let o(s) = -s**2 - 12*s - 16. Let c be o(-4). What is the greatest common divisor of c and 112?
16
Suppose 16 = j + 4*r, 8 = 5*j - 0*r - 4*r. Let i be 1*9/6*j. Suppose 26 = 2*b - 5*a, b + 1 = -0*b - a. What is the greatest common divisor of b and i?
3
Let s = -50 - -27. Let t = s - -38. Calculate the greatest common factor of t and 45.
15
Suppose -12 = -2*x - 5*m, -4*x = 4*m - 13 - 11. Let o be (x/1)/((-6)/(-4)). What is the highest common divisor of o and 32?
4
Suppose 38 = q - 2. Let j = -47 + 107. Calculate the greatest common divisor of q and j.
20
Let k = 1 - -2. Let s be -3 + (1 + 92)/k. Calculate the highest common divisor of s and 140.
28
Suppose -3*n - 9 = 0, -4*s - 2*n + 19 = -3*n. Suppose -5*d + 6*d = s*v - 97, 0 = 5*v - 3*d - 116. What is the greatest common factor of v and 10?
5
Suppose -432 = -3*t - t. Calculate the greatest common divisor of 72 and t.
36
Let k(w) = w**2 + 19*w + 29. Let z be k(-18). Let v = 16 - 5. Calculate the greatest common factor of z and v.
11
Let t(p) = p**3 + 7*p**2 - 8*p + 5. Let m be t(-8). Suppose m*f - 5 - 145 = 0. What is the greatest common divisor of f and 15?
15
Let g = 70 + -49. Calculate the greatest common divisor of g and 21.
21
Suppose 18 + 7 = 5*o. Let k = o - 3. Calculate the highest common factor of k and 14.
2
Let q be (5*(-3)/(-12))/((-7)/(-84)). Let g(o) = o - 1. Let a be g(6). What is the highest common factor of q and a?
5
Let d = -10 + -1. Let g = 3 - d. What is the greatest common divisor of 28 and g?
14
Let s be 17 + (-2 + 3)*-2. Let j be (-3)/15 - (-183)/s. Let f be (42/(-5))/(1/(-10)). What is the highest common factor of j and f?
12
Let v be (-921)/(-12) - (-2)/8. Suppose -2*g = 2*g - 44. What is the highest common divisor of g and v?
11
Let u be (29/2)/((-3)/(-6)). Let p = u + 19. Calculate the highest common factor of 8 and p.
8
Let o be 15/9*6/2. Suppose 3*n - o*y = 393, -y = 3*y - 12. Let f be (1/1)/((-1)/(-17)). What is the highest common divisor of n and f?
17
Let a(r) = 17 + 0*r - r - 5. Let g be a(9). Suppose 2*j = -g*j + 130. Calculate the highest common divisor of j and 39.
13
Suppose -3*c + 13 = 1. Suppose 2*s = -4*a + 142, -37 = -a - s + 2*s. What is the greatest common factor of a and c?
4
Suppose -45 = -3*d + 5*f, 0 = -2*d - 2*d - 4*f + 28. What is the highest common factor of d and 90?
10
Let m be (-4)/10 + (-312)/(-30). Calculate the greatest common factor of 25 and m.
5
Suppose 0 = -16*h + 113 + 255. Calculate the highest common factor of 46 and h.
23
Suppose 0 = -5*w - 2*j - 132, 2*w - 2 = 4*j - 50. Let u = w + 37. Calculate the greatest common factor of 77 and u.
11
Let k be (2/(-4))/(3/(-36)). Let f(q) = -q + 8. Let v be f(k). Calculate the greatest common divisor of v and 2.
2
Suppose -2*h - 6 = -2*s, -4*s - s + 3*h + 5 = 0. Let r = s + 4. What is the highest common divisor of 8 and r?
2
Let x = 351 - 343. Let b(v) = v**2 - 5*v - 5. Let i be b(6). Calculate the highest common factor of i and x.
1
Suppose 2*z = -5*y + 10, 5*y - 3*z + z = 30. Calculate the greatest common factor of 10 and y.
2
Suppose -836 = -2*w + 6. Let v = 613 - w. What is the greatest common divisor of v and 24?
24
Suppose -5*i - 160 = -3*j, 3*i + 0 = -6. What is the greatest common factor of j and 10?
10
Let f be (-4*3)/(-2) + -2. Suppose 0 = 2*k - f*n + 92, -k - k - 2*n = 62. Let y be 8/k - 184/(-18). Calculate the greatest common factor of 25 and y.
5
Suppose 4*x - 2*f - 10 = 0, -x + 6*x - 40 = -3*f. What is the greatest common divisor of x and 5?
5
Let h = 67 - -9. Let q = h + 65. Let x = q - 93. What is the highest common divisor of x and 6?
6
Let q be -2*4/(-24) - 280/(-15). Calculate the greatest common divisor of 38 and q.
19
Suppose l - 4*r - 15 = -2, 13 = 2*l + 5*r. Let z be 6/63*l*21. Calculate the highest common divisor of z and 72.
18
Let m = -72 + 160. What is the greatest common divisor of m and 22?
22
Suppose -4*r - 5*g = -3*g - 100, 4*r = g + 112. Let x = -20 + r. What is the highest common divisor of 7 and x?
7
Suppose 0 = -y - 0 + 11. Suppose -y + 51 = -4*n. Let m be (-4)/n + 1269/15. What is the highest common factor of m and 17?
17
Let m = -133 - -263. Calculate the greatest common divisor of 52 and m.
26
Let y(q) = -12*q + 96*q - 8*q. Let x be y(5). Let u be x/16 + 2/8. What is the greatest common factor of 3 and u?
3
Suppose k + 4*u = u + 5, 0 = -5*k - 2*u + 12. Suppose 0 = 2*v + k*v. Suppose v = 2*b + 3*b - 75. What is the greatest common factor of 105 and b?
15
Let b(g) = -3*g + 24. Let x(a) = 7*a - 49. Let i(p) = 5*b(p) + 2*x(p). Let r be i(9). What is the greatest common factor of r and 91?
13
Suppose -2*b = -94 - 236. What is the greatest common factor of b and 66?
33
Let b = -10 - -20. Let k = -2 - -4. Suppose -54 = -k*n - 4. Calculate the greatest common factor of b and n.
5
Suppose 2*z + 3*t = 449 + 292, 5*z + t - 1820 = 0. Calculate the greatest common divisor of 33 and z.
33
Suppose 0 = -3*m + 4*u - 12, 0*m + 5*m - 2*u + 6 = 0. Suppose 2*o - 1 + 3 = m. Let h = o - -6. Calculate the highest common divisor of h and 35.
5
Let y(q) = q**2 + 7. Let g be y(-7). Calculate the greatest common factor of g and 8.
8
Let z be 0 + 99/((-9)/(-3)). Suppose -5*l = z - 108. Calculate the highest common divisor of l and 120.
15
Let w(q) = -2*q + 6. Let n be w(-3). Suppose 161 = 4*k - 287. Let l = 220 - k. What is the highest common factor of n and l?
12
Let z be 76/3 - 8/24. Suppose -o = 2*f + f - z, -3*o - 5*f = -71. Calculate the greatest common factor of 88 and o.
22
Let o(u) = -12*u + 1. Let b be o(-10). Suppose 0 = -5*g + b - 41. What is the greatest common divisor of g and 80?
16
Let z = 25 + 1. What is the greatest common divisor of z and 39?
13
Let o be (-3 - -3)/(2 - 1). Suppose -3*a = 5*n, o = -2*n + 2 - 8. Suppose -y - 2*u + 6 = 2*u, -y - 5*u = -a. What is the greatest common divisor of y and 90?
10
Let v = -3 - 0. Let q = v - -63. What is the greatest common factor of q and 150?
30
Suppose 2*r + 60 = 4*x, r - 29 = -5*x + 32. Calculate the highest common divisor of 65 and x.
13
Let b(n) = -n**2 + 5*n + 1. Let v be b(5). Let m be (3/(-9))/(2/(-6)). Calculate the highest common factor of v and m.
1
Let q(n) = n**2 + 5*n - 4. Let c be q(3). Suppose -35 + 135 = 2*b. What is the highest common divisor of c and b?
10
Suppose 13*s = 9*s + 8. What is the highest common divisor of 22 and s?
2
Suppose 68 = 3*a - 4*j, -2*a - 12 = -2*j - 60. Calculate the highest common factor of a and 28.
28
Let h(k) = k**3 - 2*k**2 - 5*k. Let x be h(5). Let t = -9 - -19. Suppose -p = p - t. Calculate the greatest common factor of p and x.
5
Let z(w) = -40*w**3 - w**2 - 2*w - 1. Let a be z(-1). What is the greatest common divisor of 280 and a?
40
Let v(g) = -2 + 8*g - g**2 + 5 + 0*g**2. Let y be v(8). Let h = 5 - -19. Calculate the highest common factor of y and h.
3
Let y(a) = 3*a**2 - 3*a - 4. Let r be y(4). Let c(d) = d**2 - 2*d + 5. Let g be c(5). Suppose -z - 4*z = -g. Calculate the highest common divisor of r and z.
4
Let j = 7 - 5. Let r be 18/((-4)/j*-1). Calculate the highest common factor of r and 3.
3
Let p(i) be the second derivative of i**3/6 + 9*i**2/2 + i. Let d be p(-7). Let c be -12*2/(-8)*2. Calculate the greatest common divisor of c and d.
2
Suppose -m + 4 = -8. Let u be (84/14)/(6/4). Calculate the greatest common factor of m and u.
4
Let d(c) = 2*c**2 + 1 + c**3 + 3*c + c - 6*c**2. Let k be d(4). Calculate the highest common factor of 187 and k.
17
Let q = 57 + -33. Let w be (28/8)/(4/q). What is the greatest common divisor of 168 and w?
21
Let h = -167 + 171. Calculate the highest common divisor of h and 4.
4
Suppose 54 = 9*n - 6*n. Let u = -9 + 5. Let v be (1 - 0 - u) + 1. Calculate the highest common divisor of v and n.